13ca4
In base 11, what is -4 + -96a966?
-96a96a
In base 9, what is -3313 - 186?
-3510
In base 11, what is -1752 - -10?
-1742
In base 15, what is 1ce1 + 106?
1de7
In base 3, what is -10112 - -222201?
212012
In base 8, what is -446 + -7?
-455
In base 7, what is -1404402 + 2?
-1404400
In base 5, what is 2320 - 300?
2020
In base 2, what is 101 + 1001001010011100?
1001001010100001
In base 13, what is 0 + -2188?
-2188
In base 11, what is 1 + 9600a?
96010
In base 15, what is 23a33 - 1?
23a32
In base 8, what is 5 + 10267?
10274
In base 4, what is -13302130 - -11?
-13302113
In base 10, what is 15594 - -14?
15608
In base 3, what is 201021122 - 1220?
201012202
In base 9, what is -5 + 65137?
65132
In base 6, what is 5344 + -44?
5300
In base 4, what is 23330301 - -2?
23330303
In base 4, what is 0 + 122210113?
122210113
In base 6, what is 1311 + 12004?
13315
In base 15, what is 115dbe + 4?
115dc3
In base 13, what is 1 + 1aac0?
1aac1
In base 5, what is 414234 - -2?
414241
In base 15, what is 2 - 23a6?
-23a4
In base 12, what is 0 - 496b?
-496b
In base 6, what is 152130 - 2?
152124
In base 4, what is -12000210 - 13?
-12000223
In base 9, what is 42 - 212?
-160
In base 14, what is 5 - -12d72?
12d77
In base 3, what is 10 - 10001021101?
-10001021021
In base 3, what is 0 + -211012200?
-211012200
In base 15, what is -10 - -418?
408
In base 13, what is 3 + -1957?
-1954
In base 7, what is 5006552 + -3?
5006546
In base 7, what is -43 + 153?
110
In base 5, what is 3114 - 32322?
-24203
In base 6, what is -21 + 21503?
21442
In base 11, what is a4 + 1410?
1504
In base 4, what is 122010 - -100?
122110
In base 12, what is -50414 + -1?
-50415
In base 6, what is -231 - 3500?
-4131
In base 16, what is 1 - -31dfb?
31dfc
In base 6, what is 3 + 24025143?
24025150
In base 8, what is -16016 - -14?
-16002
In base 4, what is 13103123 + 1?
13103130
In base 10, what is -221694 - -8?
-221686
In base 11, what is -21917a - -3?
-219177
In base 7, what is 45 - 3131?
-3053
In base 12, what is -1352 + -bb?
-1451
In base 2, what is 1001010 + 1000010110011?
1000011111101
In base 5, what is 1002 - 304143?
-303141
In base 7, what is 340 - 4?
333
In base 11, what is -14 - -9210?
91a7
In base 11, what is 140 - -5450?
5590
In base 6, what is -112223 + -13?
-112240
In base 7, what is 4 - -346233?
346240
In base 2, what is 1011101101 + -1001111011?
1110010
In base 3, what is -21 - -1002010001211?
1002010001120
In base 11, what is -154919 - -3?
-154916
In base 5, what is -44122 + 3?
-44114
In base 13, what is -3b688c + 4?
-3b6888
In base 13, what is 4b + 41a?
468
In base 4, what is 30120 - 301?
23213
In base 16, what is d49e + 1?
d49f
In base 14, what is b + 26b6?
26c3
In base 14, what is -2d7 - 255?
-54c
In base 5, what is 1031 - -2014?
3100
In base 15, what is 20e - -75a?
969
In base 10, what is 433620 + 1?
433621
In base 2, what is -101100 + 11011111010?
11011001110
In base 4, what is 32000313 - -1?
32000320
In base 10, what is -64546 + 4?
-64542
In base 14, what is -218 - -34?
-1c4
In base 14, what is -387 - 29?
-3b2
In base 13, what is -2c - 2a20?
-2a4c
In base 9, what is 1602855 + 3?
1602858
In base 6, what is -123244 - -5?
-123235
In base 4, what is -20 - 20321313?
-20321333
In base 3, what is 2102120 - -221?
2110111
In base 10, what is -893 + 42?
-851
In base 5, what is 1301130130 - 2?
1301130123
In base 16, what is ca - 22?
a8
In base 4, what is -120 + -1003313?
-1010033
In base 13, what is -29b8 - -1b6?
-2802
In base 10, what is 4 - 12598?
-12594
In base 5, what is 3424211 - 10?
3424201
In base 10, what is -1 + 60049?
60048
In base 5, what is 1224 + 414404?
421133
In base 6, what is -11341111 + -11?
-11341122
In base 13, what is -160 + -a7?
-237
In base 14, what is -b6 - 3b9?
-491
In base 12, what is -2 + -525b5?
-525b7
In base 16, what is -7 + -2610?
-2617
In base 11, what is -32300 + -3?
-32303
In base 5, what is -40 + -11314?
-11404
In base 12, what is -30 - 2937?
-2967
In base 9, what is 1 - 102244?
-102243
In base 3, what is 12 - -12221001011?
12221001100
In base 16, what is 99 + 13f5?
148e
In base 11, what is -11a74 - -1?
-11a73
In base 13, what is 1a + -514?
-4c7
In base 13, what is 7 - 1131b?
-11314
In base 9, what is 1772766 - 0?
1772766
In base 14, what is -3 + bab7?
bab4
In base 15, what is 751 + -85?
6bb
In base 15, what is 862e - 1d?
8611
In base 3, what is 11 - -111112020?
111112101
In base 8, what is 2 - -13?
15
In base 15, what is -8 - -a453?
a44a
In base 8, what is 327 + 65?
414
In base 12, what is -2 + 1327?
1325
In base 10, what is -9249 - -14?
-9235
In base 3, what is -10 - -110110120?
110110110
In base 6, what is -3 - 120022?
-120025
In base 12, what is -30801 + 2?
-307bb
In base 8, what is 57054 + 2?
57056
In base 12, what is -6aaa - 10?
-6aba
In base 7, what is -330 + 112?
-215
In base 13, what is -b - -cbb?
cb0
In base 15, what is 211 - 4a?
1b6
In base 10, what is -97572 + -7?
-97579
In base 11, what is 8a1 + -115?
787
In base 8, what is -14154 + -1126?
-15302
In base 14, what is -4a6a - 0?
-4a6a
In base 5, what is -3341 - -43?
-3243
In base 8, what is 525 - -70?
615
In base 12, what is -99273 + 10?
-99263
In base 10, what is -248210 + 13?
-248197
In base 2, what is -10110101001111 + -10111?
-10110101100110
In base 15, what is -a1b7 + -a?
-a1c2
In base 8, what is -1616 - 11?
-1627
In base 2, what is -1100111101110 - 1110?
-1100111111100
In base 9, what is -1080015 - -12?
-1080003
In base 11, what is -3040 + -3a4?
-3434
In base 10, what is 3 - 25426?
-25423
In base 10, what is -145717 - -4?
-145713
In base 4, what is -121 - 1011221?
-1012002
In base 5, what is -1430344 + -4?
-1430403
In base 8, what is 3 - -15551?
15554
In base 15, what is -4bc - 12?
-4ce
In base 3, what is 112 + 2100221000?
2100221112
In base 10, what is -244190 - 0?
-244190
In base 3, what is -200020 + -1002?
-201022
In base 16, what is -2ab7 + -be?
-2b75
In base 7, what is -20 - -241533?
241513
In base 13, what is 114c46 - -5?
114c4b
In base 7, what is 542 - -441?
1313
In base 4, what is -1333010033 - -10?
-1333010023
In base 9, what is 58826 - -5?
58832
In base 10, what is 2 + -952725?
-952723
In base 16, what is -8 + 1603?
15fb
In base 16, what is -43 + 51?
e
In base 6, what is 2204454 - 4?
2204450
In base 7, what is 124 + -1050?
-623
In base 9, what is -2551 - 2?
-2553
In base 4, what is -10 + -2013323112?
-2013323122
In base 11, what is 27 - -a65?
a91
In base 5, what is 1012211 + -2?
1012204
In base 12, what is -2734 - -49?
-26a7
In base 7, what is 11124 + 40?
11164
In base 7, what is 10616 + 52?
11001
In base 3, what is 202111220002 - -1?
202111220010
In base 8, what is -2 - -204?
202
In base 5, what is 2113203 - -4?
2113212
In base 2, what is -1110001001111 - 100110?
-1110001110101
In base 5, what is 3302 + -11330?
-3023
In base 13, what is b581 - 3?
b57b
In base 11, what is -1064 - 71?
-1125
In base 6, what is -2 + -11022?
-11024
In base 9, what is 2142 + 65?
2217
In base 16, what is -4b29 + 1?
-4b28
In base 10, what is -7454 + -23?
-7477
In base 14, what is -1 + 23bd?
23bc
In base 12, what is -404 + 4b4?
b0
In base 2, what is -101000 + -1001101100?
-1010010100
In base 2, what is -10011011 - -10101000111001?
10100110011110
In base 7, what is -14 - -202452?
202435
In base 13, what is -2 + 1ca11?
1ca0c
In base 15, what is 7 + 3be2?
3be9
In base 10, what is -100 + -1671?
-1771
In base 5, what is 20 - -10231241?
10231311
In base 12, what is 4b + -a17?
-988
In base 7, what is 1516334 - 0?
1516334
In base 14, what is -5 - -85dd?
85d8
In base 3, what is -2 + 122102200?
122102121
In base 6, what is 15005 - 102?
14503
In base 13, what is 491 + 18?
4a9
In base 12, what is -14 - 1644ab?
-164503
In base 10, what is 6466 + 1?
6467
In base 6, what is -24 + -3325?
-3353
In base 14, what is -12a6c - -12?
-12a5a
In base 15, what is 1 + -1367b?
-1367a
In base 3, what is -20000222 + -212?
-20001211
In base 14, what is -a994 + 5?
-a98d
In base 8, what is -10147350 - 1?
-10147351
In base 2, what is 1010101110 + -101011?
1010000011
In base 16, what is 21 - 443?
-422
In base 12, what is 1 - 67901?
-67900
In base 3, what is 20012002 - 21?
20011211
In base 2, what is 1 + -1011111111010000?
-1011111111001111
In base 7, what is 123143 + -16?
123124
In base 3, what is 212 - 111211112?
-111210200
In base 3, what is -2